[INFO] cloning repository https://github.com/akropolisio/bounty-server
[INFO] running `Command { std: "git" "-c" "credential.helper=" "-c" "credential.helper=/workspace/cargo-home/bin/git-credential-null" "clone" "--bare" "https://github.com/akropolisio/bounty-server" "/workspace/cache/git-repos/https%3A%2F%2Fgithub.com%2Fakropolisio%2Fbounty-server", kill_on_drop: false }`
[INFO] [stderr] Cloning into bare repository '/workspace/cache/git-repos/https%3A%2F%2Fgithub.com%2Fakropolisio%2Fbounty-server'...
[INFO] running `Command { std: "git" "rev-parse" "HEAD", kill_on_drop: false }`
[INFO] [stdout] b9e52b8f20b2837fc98d9a7770f9df86f4f5e129
[INFO] checking akropolisio/bounty-server against master#af3c6e733a40e671550e0f0f5aeecaa13772ba56 for pr-74989
[INFO] running `Command { std: "git" "clone" "/workspace/cache/git-repos/https%3A%2F%2Fgithub.com%2Fakropolisio%2Fbounty-server" "/workspace/builds/worker-4/source", kill_on_drop: false }`
[INFO] [stderr] Cloning into '/workspace/builds/worker-4/source'...
[INFO] [stderr] done.
[INFO] validating manifest of git repo https://github.com/akropolisio/bounty-server on toolchain af3c6e733a40e671550e0f0f5aeecaa13772ba56
[INFO] running `Command { std: "/workspace/cargo-home/bin/cargo" "+af3c6e733a40e671550e0f0f5aeecaa13772ba56" "read-manifest" "--manifest-path" "Cargo.toml", kill_on_drop: false }`
[INFO] started tweaking git repo https://github.com/akropolisio/bounty-server
[INFO] finished tweaking git repo https://github.com/akropolisio/bounty-server
[INFO] tweaked toml for git repo https://github.com/akropolisio/bounty-server written to /workspace/builds/worker-4/source/Cargo.toml
[INFO] crate git repo https://github.com/akropolisio/bounty-server already has a lockfile, it will not be regenerated
[INFO] running `Command { std: "/workspace/cargo-home/bin/cargo" "+af3c6e733a40e671550e0f0f5aeecaa13772ba56" "fetch" "--locked" "--manifest-path" "Cargo.toml", kill_on_drop: false }`
[INFO] [stderr]     Updating crates.io index
[INFO] [stderr] error: the lock file /workspace/builds/worker-4/source/Cargo.lock needs to be updated but --locked was passed to prevent this
[INFO] [stderr] If you want to try to generate the lock file without accessing the network, use the --offline flag.
[INFO] the lockfile is outdated, regenerating it
[INFO] running `Command { std: "/workspace/cargo-home/bin/cargo" "+af3c6e733a40e671550e0f0f5aeecaa13772ba56" "generate-lockfile" "--manifest-path" "Cargo.toml" "-Zno-index-update", kill_on_drop: false }`
[INFO] running `Command { std: "/workspace/cargo-home/bin/cargo" "+af3c6e733a40e671550e0f0f5aeecaa13772ba56" "fetch" "--locked" "--manifest-path" "Cargo.toml", kill_on_drop: false }`
[INFO] running `Command { std: "docker" "create" "-v" "/var/lib/crater-agent-workspace/builds/worker-4/target:/opt/rustwide/target:rw,Z" "-v" "/var/lib/crater-agent-workspace/builds/worker-4/source:/opt/rustwide/workdir:ro,Z" "-v" "/var/lib/crater-agent-workspace/cargo-home:/opt/rustwide/cargo-home:ro,Z" "-v" "/var/lib/crater-agent-workspace/rustup-home:/opt/rustwide/rustup-home:ro,Z" "-e" "SOURCE_DIR=/opt/rustwide/workdir" "-e" "CARGO_TARGET_DIR=/opt/rustwide/target" "-e" "CARGO_HOME=/opt/rustwide/cargo-home" "-e" "RUSTUP_HOME=/opt/rustwide/rustup-home" "-w" "/opt/rustwide/workdir" "-m" "1610612736" "--user" "0:0" "--network" "none" "rustops/crates-build-env@sha256:d92eaeed33fa75130ca1ee6c8a01d1ffb62bac859dfdfb3450e3e5d1c0146529" "/opt/rustwide/cargo-home/bin/cargo" "+af3c6e733a40e671550e0f0f5aeecaa13772ba56" "metadata" "--no-deps" "--format-version=1", kill_on_drop: false }`
[INFO] [stdout] 42023b79127d777651639ccdd4f4b4deb2370fa15d8f82b504828d248c31f0a5
[INFO] [stderr] WARNING: Your kernel does not support swap limit capabilities or the cgroup is not mounted. Memory limited without swap.
[INFO] running `Command { std: "docker" "start" "-a" "42023b79127d777651639ccdd4f4b4deb2370fa15d8f82b504828d248c31f0a5", kill_on_drop: false }`
[INFO] running `Command { std: "docker" "inspect" "42023b79127d777651639ccdd4f4b4deb2370fa15d8f82b504828d248c31f0a5", kill_on_drop: false }`
[INFO] running `Command { std: "docker" "rm" "-f" "42023b79127d777651639ccdd4f4b4deb2370fa15d8f82b504828d248c31f0a5", kill_on_drop: false }`
[INFO] [stdout] 42023b79127d777651639ccdd4f4b4deb2370fa15d8f82b504828d248c31f0a5
[INFO] running `Command { std: "docker" "create" "-v" "/var/lib/crater-agent-workspace/builds/worker-4/target:/opt/rustwide/target:rw,Z" "-v" "/var/lib/crater-agent-workspace/builds/worker-4/source:/opt/rustwide/workdir:ro,Z" "-v" "/var/lib/crater-agent-workspace/cargo-home:/opt/rustwide/cargo-home:ro,Z" "-v" "/var/lib/crater-agent-workspace/rustup-home:/opt/rustwide/rustup-home:ro,Z" "-e" "SOURCE_DIR=/opt/rustwide/workdir" "-e" "CARGO_TARGET_DIR=/opt/rustwide/target" "-e" "CARGO_INCREMENTAL=0" "-e" "RUST_BACKTRACE=full" "-e" "RUSTFLAGS=--cap-lints=forbid" "-e" "CARGO_HOME=/opt/rustwide/cargo-home" "-e" "RUSTUP_HOME=/opt/rustwide/rustup-home" "-w" "/opt/rustwide/workdir" "-m" "1610612736" "--user" "0:0" "--network" "none" "rustops/crates-build-env@sha256:d92eaeed33fa75130ca1ee6c8a01d1ffb62bac859dfdfb3450e3e5d1c0146529" "/opt/rustwide/cargo-home/bin/cargo" "+af3c6e733a40e671550e0f0f5aeecaa13772ba56" "check" "--frozen" "--all" "--all-targets" "--message-format=json", kill_on_drop: false }`
[INFO] [stdout] 2807fcd2483ed6bf57af907bf7c86de89da289430c980491076af728785fb440
[INFO] [stderr] WARNING: Your kernel does not support swap limit capabilities or the cgroup is not mounted. Memory limited without swap.
[INFO] running `Command { std: "docker" "start" "-a" "2807fcd2483ed6bf57af907bf7c86de89da289430c980491076af728785fb440", kill_on_drop: false }`
[INFO] [stderr]     Checking cfg-if v0.1.10
[INFO] [stderr]    Compiling cc v1.0.59
[INFO] [stderr]    Compiling syn v1.0.40
[INFO] [stderr]    Compiling pkg-config v0.3.18
[INFO] [stderr]    Compiling syn v0.15.44
[INFO] [stderr]    Compiling getrandom v0.1.15
[INFO] [stderr]    Compiling bitflags v1.2.1
[INFO] [stderr]     Checking tinyvec v0.3.4
[INFO] [stderr]    Compiling lazy_static v1.4.0
[INFO] [stderr]    Compiling regex-syntax v0.6.18
[INFO] [stderr]     Checking itoa v0.4.6
[INFO] [stderr]    Compiling openssl v0.10.30
[INFO] [stderr]     Checking rustc-demangle v0.1.16
[INFO] [stderr]     Checking quick-error v1.2.3
[INFO] [stderr]     Checking match_cfg v0.1.0
[INFO] [stderr]    Compiling encoding_rs v0.8.24
[INFO] [stderr]     Checking language-tags v0.2.2
[INFO] [stderr]     Checking sha1 v0.6.0
[INFO] [stderr]    Compiling arrayvec v0.4.12
[INFO] [stderr]    Compiling pq-sys v0.4.6
[INFO] [stderr]     Checking hashbrown v0.3.1
[INFO] [stderr]     Checking json v0.12.4
[INFO] [stderr]     Checking thread_local v1.0.1
[INFO] [stderr]     Checking lock_api v0.4.1
[INFO] [stderr]     Checking lock_api v0.2.0
[INFO] [stderr]    Compiling hashbrown v0.6.3
[INFO] [stderr]    Compiling crossbeam-utils v0.7.2
[INFO] [stderr]    Compiling num-traits v0.2.12
[INFO] [stderr]    Compiling num-integer v0.1.43
[INFO] [stderr]     Checking actix-service v0.4.2
[INFO] [stderr]     Checking crossbeam-utils v0.6.6
[INFO] [stderr]     Checking humantime v1.3.0
[INFO] [stderr]     Checking lock_api v0.1.5
[INFO] [stderr]    Compiling libc v0.2.77
[INFO] [stderr]     Checking log v0.4.11
[INFO] [stderr]     Checking unicode-normalization v0.1.13
[INFO] [stderr]    Compiling memchr v2.3.3
[INFO] [stderr]     Checking crc32fast v1.2.0
[INFO] [stderr]     Checking iovec v0.1.4
[INFO] [stderr]     Checking num_cpus v1.13.0
[INFO] [stderr]     Checking net2 v0.2.35
[INFO] [stderr]     Checking hostname v0.3.1
[INFO] [stderr]     Checking socket2 v0.3.15
[INFO] [stderr]     Checking signal-hook-registry v1.2.1
[INFO] [stderr]     Checking parking_lot_core v0.8.0
[INFO] [stderr]     Checking base64 v0.10.1
[INFO] [stderr]     Checking crossbeam-channel v0.3.9
[INFO] [stderr]     Checking bytes v0.4.12
[INFO] [stderr]     Checking threadpool v1.8.1
[INFO] [stderr]     Checking resolv-conf v0.6.3
[INFO] [stderr]    Compiling libsqlite3-sys v0.18.0
[INFO] [stderr]     Checking mio v0.6.22
[INFO] [stderr]     Checking regex v1.3.9
[INFO] [stderr]     Checking backtrace v0.3.50
[INFO] [stderr]    Compiling aho-corasick v0.7.13
[INFO] [stderr]     Checking parking_lot v0.11.0
[INFO] [stderr]     Checking rand_core v0.5.1
[INFO] [stderr]     Checking num-format v0.4.0
[INFO] [stderr]     Checking tokio-io v0.1.13
[INFO] [stderr]     Checking http v0.1.21
[INFO] [stderr]     Checking string v0.2.1
[INFO] [stderr]     Checking parking_lot_core v0.6.2
[INFO] [stderr]     Checking tokio-executor v0.1.10
[INFO] [stderr]     Checking parking_lot_core v0.5.0
[INFO] [stderr]     Checking parking_lot_core v0.4.0
[INFO] [stderr]     Checking rand_chacha v0.2.2
[INFO] [stderr]     Checking mio-uds v0.6.8
[INFO] [stderr]    Compiling const-random-macro v0.1.8
[INFO] [stderr]     Checking idna v0.1.5
[INFO] [stderr]     Checking idna v0.2.0
[INFO] [stderr]     Checking scheduled-thread-pool v0.2.5
[INFO] [stderr]     Checking tokio-timer v0.2.13
[INFO] [stderr]     Checking tokio-current-thread v0.1.7
[INFO] [stderr]     Checking parking_lot v0.9.0
[INFO] [stderr]     Checking parking_lot v0.8.0
[INFO] [stderr]    Compiling openssl-sys v0.9.58
[INFO] [stderr]    Compiling brotli-sys v0.3.2
[INFO] [stderr]    Compiling miniz-sys v0.1.12
[INFO] [stderr]     Checking parking_lot v0.7.1
[INFO] [stderr]     Checking tokio-codec v0.1.2
[INFO] [stderr]     Checking rand v0.7.3
[INFO] [stderr]     Checking r2d2 v0.8.9
[INFO] [stderr]     Checking env_logger v0.6.2
[INFO] [stderr]     Checking tokio-reactor v0.1.12
[INFO] [stderr]     Checking url v2.1.1
[INFO] [stderr]     Checking url v1.7.2
[INFO] [stderr]     Checking const-random v0.1.8
[INFO] [stderr]     Checking actix-codec v0.1.2
[INFO] [stderr]     Checking once_cell v0.1.8
[INFO] [stderr]     Checking ahash v0.2.18
[INFO] [stderr]     Checking chrono v0.4.15
[INFO] [stderr]     Checking tokio-tcp v0.1.4
[INFO] [stderr]     Checking tokio-udp v0.1.6
[INFO] [stderr]     Checking tokio-signal v0.2.9
[INFO] [stderr]     Checking actix-utils v0.4.7
[INFO] [stderr]     Checking flate2 v1.0.17
[INFO] [stderr]     Checking h2 v0.1.26
[INFO] [stderr]     Checking pretty_env_logger v0.3.1
[INFO] [stderr]     Checking tokio-openssl v0.3.0
[INFO] [stderr]     Checking actix-server-config v0.1.2
[INFO] [stderr]     Checking brotli2 v0.3.2
[INFO] [stderr]    Compiling synstructure v0.12.4
[INFO] [stderr]    Compiling derive_more v0.15.0
[INFO] [stderr]    Compiling enum-as-inner v0.2.1
[INFO] [stderr]    Compiling derive_more v0.14.1
[INFO] [stderr]    Compiling actix_derive v0.4.0
[INFO] [stderr]    Compiling failure_derive v0.1.8
[INFO] [stderr]    Compiling serde_derive v1.0.116
[INFO] [stderr]    Compiling actix-web-codegen v0.1.3
[INFO] [stderr]    Compiling diesel_derives v1.4.1
[INFO] [stderr]     Checking failure v0.1.8
[INFO] [stderr]     Checking trust-dns-proto v0.7.4
[INFO] [stderr]     Checking dotenv v0.14.1
[INFO] [stderr]     Checking actix-threadpool v0.1.2
[INFO] [stderr]     Checking trust-dns-resolver v0.11.1
[INFO] [stderr]     Checking actix-rt v0.2.6
[INFO] [stderr]     Checking actix-server v0.6.1
[INFO] [stderr]     Checking actix-connect v0.2.5
[INFO] [stderr]     Checking actix-testing v0.1.0
[INFO] [stderr]     Checking serde v1.0.116
[INFO] [stderr]     Checking diesel v1.4.5
[INFO] [stderr]     Checking serde_json v1.0.57
[INFO] [stderr]     Checking serde_urlencoded v0.6.1
[INFO] [stderr]     Checking actix-router v0.1.5
[INFO] [stderr]     Checking actix-http v0.2.11
[INFO] [stderr]     Checking awc v0.2.8
[INFO] [stderr]     Checking actix v0.8.3
[INFO] [stderr]     Checking actix-web v1.0.9
[INFO] [stderr]     Checking actix-cors v0.1.0
[INFO] [stderr]     Checking bounty-server v0.1.0 (/opt/rustwide/workdir)
[INFO] [stdout] error[E0557]: feature has been removed
[INFO] [stdout]  --> src/main.rs:2:25
[INFO] [stdout]   |
[INFO] [stdout] 2 | #![feature(async_await, await_macro, futures_api)]
[INFO] [stdout]   |                         ^^^^^^^^^^^ feature has been removed
[INFO] [stdout]   |
[INFO] [stdout]   = note: subsumed by `.await` syntax
[INFO] [stdout] 
[INFO] [stdout] 
[INFO] [stdout] error[E0557]: feature has been removed
[INFO] [stdout]  --> src/main.rs:2:25
[INFO] [stdout]   |
[INFO] [stdout] 2 | #![feature(async_await, await_macro, futures_api)]
[INFO] [stdout]   |                         ^^^^^^^^^^^ feature has been removed
[INFO] [stdout]   |
[INFO] [stdout]   = note: subsumed by `.await` syntax
[INFO] [stdout] 
[INFO] [stdout] 
[INFO] [stdout] error[E0433]: failed to resolve: use of undeclared type or module `error`
[INFO] [stdout]   --> src/recaptcha.rs:76:6
[INFO] [stdout]    |
[INFO] [stdout] 76 |     use error::Code::*;
[INFO] [stdout]    |         ^^^^^ use of undeclared type or module `error`
[INFO] [stdout] 
[INFO] [stdout] 
[INFO] [stdout] error[E0425]: cannot find value `MissingSecret` in this scope
[INFO] [stdout]   --> src/recaptcha.rs:90:27
[INFO] [stdout]    |
[INFO] [stdout] 90 |     assert!(errors.contains(&MissingSecret));
[INFO] [stdout]    |                              ^^^^^^^^^^^^^ not found in this scope
[INFO] [stdout]    |
[INFO] [stdout] help: consider importing this unit variant
[INFO] [stdout]    |
[INFO] [stdout] 1  | use crate::recaptcha::Code::MissingSecret;
[INFO] [stdout]    |
[INFO] [stdout] 
[INFO] [stdout] 
[INFO] [stdout] error[E0425]: cannot find function, tuple struct or tuple variant `Unknown` in this scope
[INFO] [stdout]   --> src/recaptcha.rs:91:27
[INFO] [stdout]    |
[INFO] [stdout] 91 |     assert!(errors.contains(&Unknown("foo".to_string())));
[INFO] [stdout]    |                              ^^^^^^^ not found in this scope
[INFO] [stdout]    |
[INFO] [stdout] help: consider importing one of these items
[INFO] [stdout]    |
[INFO] [stdout] 1  | use actix_web::error::DispatchError::Unknown;
[INFO] [stdout]    |
[INFO] [stdout] 1  | use actix_web::http::header::DispositionParam::Unknown;
[INFO] [stdout]    |
[INFO] [stdout] 1  | use core::fmt::rt::v1::Alignment::Unknown;
[INFO] [stdout]    |
[INFO] [stdout] 1  | use crate::recaptcha::Code::Unknown;
[INFO] [stdout]    |
[INFO] [stdout]      and 2 other candidates
[INFO] [stdout] 
[INFO] [stdout] 
[INFO] [stdout] error: aborting due to 4 previous errors
[INFO] [stdout] 
[INFO] [stdout] 
[INFO] [stdout] Some errors have detailed explanations: E0425, E0433, E0557.
[INFO] [stdout] 
[INFO] [stdout] For more information about an error, try `rustc --explain E0425`.
[INFO] [stdout] 
[INFO] [stderr] error: could not compile `bounty-server`.
[INFO] [stderr] 
[INFO] [stderr] To learn more, run the command again with --verbose.
[INFO] [stderr] warning: build failed, waiting for other jobs to finish...
[INFO] [stdout] error: aborting due to previous error
[INFO] [stdout] 
[INFO] [stdout] 
[INFO] [stdout] For more information about this error, try `rustc --explain E0557`.
[INFO] [stdout] 
[INFO] [stderr] error: build failed
[INFO] running `Command { std: "docker" "inspect" "2807fcd2483ed6bf57af907bf7c86de89da289430c980491076af728785fb440", kill_on_drop: false }`
[INFO] running `Command { std: "docker" "rm" "-f" "2807fcd2483ed6bf57af907bf7c86de89da289430c980491076af728785fb440", kill_on_drop: false }`
[INFO] [stdout] 2807fcd2483ed6bf57af907bf7c86de89da289430c980491076af728785fb440
